53
What are the prime factors of 2037056958?
2, 3, 1129, 33413
List the prime factors of 41467767.
3, 11, 29, 43331
What are the prime factors of 2194644191?
19, 43, 2686223
List the prime factors of 57438903.
3, 17, 1126253
List the prime factors of 58773419.
1667, 35257
What are the prime factors of 5167032274?
2, 2377, 1086881
List the prime factors of 6134717821.
6134717821
What are the prime factors of 570125809?
11, 167, 310357
List the prime factors of 824415540.
2, 3, 5, 13, 167, 6329
What are the prime factors of 175891687?
175891687
List the prime factors of 60914812.
2, 7, 2175529
List the prime factors of 115562285.
5, 37, 43, 73, 199
List the prime factors of 88268934.
2, 3, 13, 1131653
What are the prime factors of 2321944755?
3, 5, 13, 11907409
List the prime factors of 3531223888.
2, 31, 7119403
What are the prime factors of 79497466?
2, 39748733
List the prime factors of 115268828.
2, 233, 337, 367
List the prime factors of 952363463.
952363463
What are the prime factors of 19066943?
7, 73, 37313
What are the prime factors of 3284117876?
2, 13, 29, 41, 53117
List the prime factors of 18472411.
18472411
List the prime factors of 668876983.
97, 6895639
List the prime factors of 2731606.
2, 211, 6473
List the prime factors of 1088377942.
2, 20323, 26777
What are the prime factors of 187715134?
2, 37, 2536691
List the prime factors of 760821820.
2, 5, 11, 3458281
List the prime factors of 2241002466.
2, 3, 67, 1858211
What are the prime factors of 195027827?
359, 543253
What are the prime factors of 6872305?
5, 11, 124951
What are the prime factors of 262860377?
13, 31, 379, 1721
What are the prime factors of 46621539?
3, 5180171
What are the prime factors of 206329132?
2, 19, 197, 13781
List the prime factors of 3263260599.
3, 362584511
What are the prime factors of 69916358?
2, 1499, 23321
List the prime factors of 41779551.
3, 11, 1266047
List the prime factors of 254823481.
11, 3209, 7219
What are the prime factors of 911341662?
2, 3, 7, 11, 947, 2083
List the prime factors of 2432283181.
2432283181
What are the prime factors of 5780101107?
3, 11, 277, 632327
What are the prime factors of 4993058746?
2, 13, 17, 11296513
List the prime factors of 963759003.
3, 337, 953273
What are the prime factors of 1737941175?
3, 5, 233, 33151
What are the prime factors of 6664575778?
2, 7, 476041127
List the prime factors of 87027173.
29, 1283, 2339
What are the prime factors of 3275120884?
2, 7, 116968603
List the prime factors of 134227461.
3, 17, 307, 8573
What are the prime factors of 149238565?
5, 7, 41, 83, 179
List the prime factors of 8464412500.
2, 5, 229, 2957
What are the prime factors of 193716379?
193716379
List the prime factors of 1632399373.
11, 148399943
What are the prime factors of 1593833016?
2, 3, 37, 41, 43777
What are the prime factors of 379570854?
2, 3, 13, 211, 23063
What are the prime factors of 1166783574?
2, 3, 11, 17678539
What are the prime factors of 27586419?
3, 7, 107, 12277
What are the prime factors of 263759874?
2, 3, 7, 6279997
What are the prime factors of 248788793?
11, 19, 967, 1231
List the prime factors of 3070911426.
2, 3, 11, 4447, 10463
List the prime factors of 256948835.
5, 11, 13, 59, 6091
List the prime factors of 53848030.
2, 5, 281, 19163
What are the prime factors of 594214744?
2, 73, 509, 1999
List the prime factors of 247324207.
13, 257, 74027
What are the prime factors of 301719711?
3, 100573237
What are the prime factors of 2557320326?
2, 11, 2011, 57803
What are the prime factors of 45644551?
71, 642881
List the prime factors of 2340303101.
47, 179, 278177
List the prime factors of 98375658.
2, 3, 43, 381301
List the prime factors of 539383880.
2, 5, 7, 31, 62141
List the prime factors of 197575110.
2, 3, 5, 19, 43, 2687
List the prime factors of 66294976.
2, 11, 94169
List the prime factors of 99283411.
47, 2112413
List the prime factors of 122945147.
13, 9457319
List the prime factors of 22833328.
2, 7, 203869
What are the prime factors of 3422578?
2, 1711289
What are the prime factors of 2280726141?
3, 29, 31, 845653
List the prime factors of 690334157.
83, 709, 11731
What are the prime factors of 2229236?
2, 557309
What are the prime factors of 39897656?
2, 4987207
What are the prime factors of 3394855831?
283, 11995957
What are the prime factors of 57200078?
2, 13, 229, 739
List the prime factors of 3161055037.
7, 451579291
List the prime factors of 216712286.
2, 7, 1171, 13219
What are the prime factors of 1717572625?
5, 13740581
List the prime factors of 124869186.
2, 3, 13, 29, 18401
List the prime factors of 839711236.
2, 7, 13, 329557
What are the prime factors of 74844889?
7, 10692127
List the prime factors of 183130873.
19, 1447, 6661
List the prime factors of 32681044.
2, 11, 59, 12589
List the prime factors of 153964921.
11, 23, 26459
List the prime factors of 604648004.
2, 953, 158617
What are the prime factors of 6402230930?
2, 5, 53, 1327, 9103
List the prime factors of 155751450.
2, 3, 5, 17, 103, 593
What are the prime factors of 9347101?
9347101
List the prime factors of 2751244838.
2, 4831, 284749
What are the prime factors of 286995409?
137, 173, 12109
What are the prime factors of 72194637?
3, 1759, 13681
List the prime factors of 3482788933.
13, 113, 157, 15101
List the prime factors of 28454032.
2, 31, 57367
What are the prime factors of 141812148?
2, 3, 1907, 6197
What are the prime factors of 222154029?
3, 31, 265417
List the prime factors of 40566216.
2, 3, 17, 19, 5233
List the prime factors of 4533684097.
4533684097
List the prime factors of 2574866341.
2574866341
What are the prime factors of 4484735010?
2, 3, 5, 7, 7118627
List the prime factors of 1023772614.
2, 3, 199, 857431
List the prime factors of 71704719.
3, 89, 89519
List the prime factors of 4313169707.
7, 11, 827, 67733
What are the prime factors of 2149498621?
20107, 106903
What are the prime factors of 1472596076?
2, 7, 449, 117133
List the prime factors of 216225335.
5, 43245067
List the prime factors of 75971736.
2, 3, 547, 643
What are the prime factors of 5848391218?
2, 617, 4739377
What are the prime factors of 107848883?
19, 29, 195733
List the prime factors of 4196386553.
61057, 68729
List the prime factors of 5072609571.
3, 14071, 120167
What are the prime factors of 423105902?
2, 211552951
List the prime factors of 757464031.
2099, 360869
What are the prime factors of 59071368?
2, 3, 31, 79397
List the prime factors of 5739895195.
5, 3319, 345881
What are the prime factors of 248736272?
2, 15546017
What are the prime factors of 16441687?
31, 179, 2963
What are the prime factors of 15251599?
11, 23, 2621
What are the prime factors of 2409182180?
2, 5, 120459109
List the prime factors of 52655531.
52655531
What are the prime factors of 1195358623?
61, 19596043
What are the prime factors of 387484269?
3, 129161423
What are the prime factors of 356976369?
3, 13221347
List the prime factors of 967379151.
3, 173, 1863929
What are the prime factors of 319465807?
37, 8634211
List the prime factors of 155518534.
2, 19, 4092593
What are the prime factors of 89423038?
2, 83, 199, 2707
List the prime factors of 304141427.
304141427
List the prime factors of 1773781216.
2, 617, 89839
List the prime factors of 76850416.
2, 4803151
What are the prime factors of 3480366473?
29, 131, 916127
What are the prime factors of 98957061?
3, 7, 43, 36529
What are the prime factors of 3642793136?
2, 31, 1777, 4133
List the prime factors of 3712640.
2, 5, 5801
What are the prime factors of 313187859?
3, 34798651
List the prime factors of 1268815833.
3, 31, 101, 5003
List the prime factors of 346426523.
37, 491, 19069
List the prime factors of 7358859544.
2, 359, 2562277
What are the prime factors of 72255209?
13, 71, 78283
List the prime factors of 6560414328.
2, 3, 13, 257, 81817
List the prime factors of 311545315.
5, 17, 3665239
What are the prime factors of 128169589?
29, 1091, 4051
List the prime factors of 997011203.
997011203
What are the prime factors of 1959147432?
2, 3, 11, 29, 28433
What are the prime factors of 41762585?
5, 8352517
What are the prime factors of 1108910?
2, 5, 11, 17, 593
What are the prime factors of 1849639511?
233, 1759, 4513
List the prime factors of 194426542.
2, 71, 136